297. Is m a prime number?
False
Let n(f) = 2*f + 18. Let g be n(-7). Let h be 2/(-3)*(-2 - g). Is (192/h - -2) + 1 composite?
True
Suppose 0 = -4*h + 16, -5*g - 412*h = -407*h - 1511365. Is g a composite number?
True
Suppose 3*r - 33397 = -0*r - 4*x, -r = -4*x - 11159. Suppose f - 12*w + 14*w = 3713, w - r = -3*f. Is f composite?
True
Let o(t) = 77654*t + 9427. Is o(8) a prime number?
True
Let q(x) be the second derivative of -x**5/20 - x**4/12 + 59*x**2/2 + 652*x. Let i(g) = -g**2 - g. Let p be i(0). Is q(p) a composite number?
False
Suppose -9*x + 14346425 = 35*x - 4164771. Is x composite?
True
Suppose -2*q = -8 + 2. Suppose -6*b + 3*b = -3*i + 115374, -q*b + 192266 = 5*i. Is i a prime number?
False
Let a be -55 + 52 - (-19114 - (1 - 1)). Is a - -22 - (-8 + 2 + 0) a composite number?
False
Suppose 45 = 2*w - 4*n - 169, -452 = -4*w - 4*n. Let x = 1262 - w. Is x a composite number?
False
Suppose 19*q = 18*q + 5*q - 95180. Is q a prime number?
False
Let j = 5 + -3. Let k(c) = c**3 - 71*c**2 + c + 62. Let o be k(71). Suppose o = j*f - 121. Is f prime?
True
Let m(n) = 2*n**2 + 31*n + 61. Let k be m(-13). Is (-7)/(-3)*(-10932)/k a prime number?
False
Let o(s) = -s**3 + 19*s**2 - 3*s + 65. Let t be o(19). Is 375 + (5 - 8)*t/(-6) a prime number?
True
Let j = -985 + 2683. Let v = 2861 - j. Is v a prime number?
True
Suppose -33*b + 37*b - 2618724 = 5*f, 3*b + 4*f = 1963981. Is b a prime number?
True
Suppose -1603*s = -1645*s + 5670714. Is s a prime number?
True
Let f(h) = 94686*h**2 - 2*h + 1. Let k be f(2). Suppose -1405702 = -41*z + k. Is z a prime number?
False
Let d be 3 + 2 + 3*(-22)/(-1). Let c(y) = 2*y**3 - y**3 - 63 - 17*y - 5*y**2 + d. Is c(9) prime?
True
Suppose -3247 - 446891 = 26*i. Let t = i + 30142. Is t a prime number?
True
Let o(t) = -49*t**2 - 7*t + 2. Let m be o(-5). Let r be 1/(-7) - m/84. Is (1 - 4) + 52696/r prime?
True
Let z(o) = 3*o**2 + 80*o + 55. Let g be z(-26). Suppose -4*l = -16, -9*b + 5*b = g*l - 25784. Is b composite?
True
Let p = -251187 + 568792. Is p composite?
True
Let v = 213 - 208. Suppose 3161 = v*r + 3*f, 4*f - 9 = -1. Is r prime?
True
Let c(h) = -980*h**3 + 59*h**2 + 365*h + 35. Is c(-7) a composite number?
True
Let m(y) = 4*y - 15. Let o be m(6). Let g be (o + -1)*((-21)/14)/(-3). Suppose 6*u = g*u + 310. Is u a composite number?
True
Suppose 2*j - 8 = 0, -7 = -x + 4*j - 17. Suppose 108*i - x = 106*i. Suppose 0 = 4*h - 2*k - 1458, -i*k + 12 + 3 = 0. Is h a prime number?
True
Let a(y) = 46*y**3 + 3*y**2 - 1. Let g be (-3 + 0)/((-1)/2). Suppose 0 = -5*n + 2*n + g. Is a(n) composite?
False
Let w(i) = -5367*i - 1901. Is w(-56) composite?
False
Suppose -125*z - 109*z - 344243730 = -2079216840. Is z a composite number?
True
Is (2751539660/11565)/((-4)/(-18) - 0) a composite number?
True
Suppose 12*z = -9*z - 553581. Let d = -3896 - z. Is d a composite number?
True
Let b(i) be the first derivative of i**4/4 + 5*i**3/3 + i**2/2 + 22*i + 81. Is b(9) a composite number?
True
Is 17 + (-2853135)/(-25) - (-6)/10 a prime number?
True
Suppose -21*b + 20*b = -3. Suppose -2*n - y + 14 = -5*y, -b*y = -4*n + 18. Suppose n*i = 59 + 196. Is i prime?
False
Let r be 2351*(16 + -6) - 3. Let j = r - 15010. Is j a prime number?
False
Suppose -3*o - 43565 = -4*l, 11*o = l + 8*o - 10880. Is l a composite number?
True
Let i(w) = 3*w**2 - 31*w - 15. Let n be i(11). Let u be 12183/9 - (-2)/6. Suppose -45 = n*j - u. Is j composite?
True
Let h = 181033 + -41615. Is h prime?
False
Let t(h) = 108464*h - 645. Is t(1) prime?
False
Let d be -3*-1*(-410)/(-15). Let i = d - 70. Let x(s) = 44*s**2 - 17*s + 53. Is x(i) composite?
True
Let v be 1973 + ((-30)/9 - (-2)/6). Suppose -x + v = 2*t, -4*t = x - 1759 - 2181. Let n = -246 + t. Is n a composite number?
False
Suppose 5*d - 39013 = 36197. Suppose -d - 5618 = -5*c. Is c/10 - (-6)/(-30) a prime number?
False
Let p = -207 + 212. Suppose -4*u = 4*c - 10472, -2*u - p*c = -6161 + 922. Is u prime?
True
Is 464813 + 2 + 19 + -1 composite?
True
Suppose 6*g = 2*g + 4*k - 4, -4*k + 4 = 0. Suppose g = -2*j + 5291 - 1663. Is j a prime number?
False
Let v = -50 - -54. Suppose w + v*w + 14 = -3*j, -10 = j - w. Is 465 - ((-9)/6)/((-6)/j) composite?
False
Let q be (6/(-18))/((-6)/(-1371996)*-2). Let z = q + -25612. Is z prime?
False
Let f = -11630 + 21693. Is f prime?
False
Let o = 402 - 391. Suppose 3*l - k = 10171, 3*l = -9*k + o*k + 10175. Is l composite?
False
Suppose -137*x - 635 = -142*x. Is x a prime number?
True
Let h = 14145 - 3154. Is h prime?
False
Suppose 4*d = -8*y + 3*y + 31749, -6353 = -y - 4*d. Suppose -93*o = -100*o + y. Is o a prime number?
True
Suppose -18*k - 205 + 25 = 0. Let j(d) = 192*d**2 - 78*d - 19. Is j(k) a composite number?
False
Suppose -3*a - 163 = 4*v, -a + 6*a - 35 = v. Is 24866/20 - (-12)/v composite?
True
Let o be 5 - (-6 - (1 + -7)). Suppose 1006 = -3*j + o*j. Is j a composite number?
False
Let j = 72990 - -89933. Is j a composite number?
True
Let n = 1790887 - 848590. Suppose 0 = -15*m - 14*m + n. Is m a composite number?
True
Suppose -147*o + 105760535 = -87542694 - 14168014. Is o prime?
True
Suppose -4*f - 4*p = 0, 6*f = 3*f + p - 20. Let g(y) = y**3 + 3*y**2 - 9*y + 11. Let t be g(f). Suppose -4*r + 4*z = 5*z - 3913, t = -2*z. Is r composite?
True
Let o = 17 - 10. Suppose -14*v - 56 = -o*v. Is 0 - (4/v - (-3591)/(-6)) prime?
True
Suppose 114239*y - 6306874 = 114225*y. Is y prime?
False
Let u be -1 + -1 + 2306/2. Is u/(((-6)/4)/((-6)/4)) prime?
True
Let z be 2 - (2 + -3) - -3. Let v be 12/18*(-2169)/z. Let s = v + 390. Is s prime?
True
Suppose 5*i - 11 = -0*i + 4*s, -i - 2*s + 5 = 0. Suppose -4*x - 24606 = 3*o - 4*o, -x = -4*o + 98364. Is i/(-2)*o/(-15) prime?
True
Suppose -3269 = -n + h, -h = 2*h - 15. Let m = n + -2055. Is m prime?
False
Let y be (-20)/(5 - 0) + 9. Suppose 4*c - 10511 = r, y = -3*r + 4*r. Is c prime?
False
Let m(t) = -449*t**3 - 6*t**2 + t - 39. Is m(-8) composite?
True
Let y(o) = -8 + 15 + 10*o**2 - 8 - 2*o. Let f be y(-1). Suppose -f*n + 35431 = -0*n. Is n a prime number?
True
Is 18/(-24)*-6 - ((-651447)/6 + -7) prime?
False
Suppose 2*y - 4424 = -2*b, 5 = -y + 4. Suppose 5*g = -2135 + 2135. Suppose 2*a - b - 6809 = g. Is a composite?
True
Let u be (1 + 0)/(-5*3/(-4275)). Suppose 0 = -2*o + u - 19. Is o a prime number?
False
Suppose 0 = 52*v - 629*v + 37517878 + 2737681. Is v prime?
True
Let t(w) = 1505*w**2 - 2091*w - 47. Is t(24) a prime number?
True
Suppose 43*g - 15*g - 897187 = 5646889. Is g prime?
False
Suppose 870 = 2*j - 6*g + g, 5*j - 2175 = 3*g. Suppose -5*c + 3*r + 929 = -1210, 3*r = -c + j. Suppose 5*k = 6014 - c. Is k composite?
False
Let c = 424254 - 129523. Is c composite?
False
Let a = -10088 + 15447. Suppose 2*n - a = 521. Suppose b + u - 978 = 0, 5*b - 3*u - n = 2*b. Is b a prime number?
False
Let i = 42333 - 20968. Is i a prime number?
False
Suppose -23*d + 13*d - 67654 = -12*d. Is d prime?
True
Suppose 12*i = -213736 + 1751068. Is i a prime number?
True
Let s be ((-372)/18 + 0)*(-126)/(-4). Let z = -1338 - s. Let c = z + 1478. Is c a prime number?
False
Let v = 5 - 2. Suppose 14*t - 5627 = -3*t. Suppose -4*j + t = -v*c, c = 5*j - 50 - 350. Is j composite?
False
Let i be (7/2)/(1/94). Suppose 2*j = -z + i, -9*j + 11*j - 5*z = 311. Is j composite?
False
Let c(o) = 4*o - 115. Let u be c(35). Suppose 3593 = -24*g + u*g. Is g a composite number?
False
Suppose -h + 2*w + 4 = 0, -3*h + 2*w = 32 - 28. Suppose 0*j = 2*j - 72. Is 530*(j/8 + h)*1 composite?
True
Let s = -51577 - -73806. Is s a prime number?
True
Let v = -58 - -66. Let g(o) = 3*o - 15. Let j be g(v). Let z(q) = 72*q + 35. Is z(j) composite?
False
Suppose 106*r - 105*r - 2 = 0. Suppose 0 = 2*k - 5*u - 5796, 3739 = r*k - u - 2049. Is k composite?
True
Let p be (-4 - -1) + -1 + 3*-53. Let q be (-3)/(33/(-2)) + p/(-11). Is (27912/q - 0) + 6/30 a composite number?
False
Suppose 2*l - 42966 = -40*l. Suppose 339 = 2*w + 2*z - l, 697 = w - 3*z. Is w composite?
True
Let h = 210 - 206. Suppose -3 = o, 0 = -3*k + 6*o - h*o + 9495. Is k prime?
True
Let k(c) = -c**3 + 20*c**2 - 35*c - 29. Let l be k(17). Suppose -5*n + 4*p + 1422 = -l, 0 = 2*n + 4*p - 694. Is n composite?
False
Let w = -11 + -17. Let l = w - -145. Let g = l - 50. Is g composite?
False
Let x(k) = 3152*k**3 - 3*k**2 + k - 3. Le